{"id":7559,"date":"2020-09-13T15:10:26","date_gmt":"2020-09-13T13:10:26","guid":{"rendered":"http:\/\/multisite.narcotics-anonymous.de\/berlin\/?page_id=7559"},"modified":"2025-01-05T20:50:13","modified_gmt":"2025-01-05T19:50:13","slug":"praesenz-meetings","status":"publish","type":"page","link":"https:\/\/na-dev.de\/berlin\/meetings\/praesenz-meetings\/","title":{"rendered":"NA Meetings &#8211; Pr\u00e4senz Meetings in Berlin"},"content":{"rendered":"<div id='av_section_1'  class='avia-section av-301sg9-96b2a6dad8c1e69e3b23127c5a6dbf71 main_color avia-section-small avia-no-border-styling  avia-builder-el-0  el_before_av_submenu  avia-builder-el-first  avia-bg-style-scroll container_wrap fullsize'  ><div class='container av-section-cont-open' ><main  role=\"main\" itemprop=\"mainContentOfPage\"  class='template-page content  av-content-full alpha units'><div class='post-entry post-entry-type-page post-entry-7559'><div class='entry-content-wrapper clearfix'>\n\n<style type=\"text\/css\" data-created_by=\"avia_inline_auto\" id=\"style-css-av-kjubj35g-40eaa0fb56ccafceaae54fc0a9a4e700\">\n#top .av-special-heading.av-kjubj35g-40eaa0fb56ccafceaae54fc0a9a4e700{\nmargin:20px 0 0 0;\npadding-bottom:10px;\nfont-size:46px;\n}\nbody .av-special-heading.av-kjubj35g-40eaa0fb56ccafceaae54fc0a9a4e700 .av-special-heading-tag .heading-char{\nfont-size:25px;\n}\n#top #wrap_all .av-special-heading.av-kjubj35g-40eaa0fb56ccafceaae54fc0a9a4e700 .av-special-heading-tag{\nfont-size:46px;\n}\n.av-special-heading.av-kjubj35g-40eaa0fb56ccafceaae54fc0a9a4e700 .av-subheading{\nfont-size:10px;\n}\n\n@media only screen and (min-width: 480px) and (max-width: 767px){ \n#top #wrap_all .av-special-heading.av-kjubj35g-40eaa0fb56ccafceaae54fc0a9a4e700 .av-special-heading-tag{\nfont-size:0.8em;\n}\n}\n\n@media only screen and (max-width: 479px){ \n#top #wrap_all .av-special-heading.av-kjubj35g-40eaa0fb56ccafceaae54fc0a9a4e700 .av-special-heading-tag{\nfont-size:0.8em;\n}\n}\n<\/style>\n<div  class='av-special-heading av-kjubj35g-40eaa0fb56ccafceaae54fc0a9a4e700 av-special-heading-h3 blockquote modern-quote  avia-builder-el-1  avia-builder-el-no-sibling  lightswitch-title av-inherit-size'><h3 class='av-special-heading-tag '  itemprop=\"headline\"  >Pr\u00e4senz-Meetings<\/h3><div class=\"special-heading-border\"><div class=\"special-heading-inner-border\"><\/div><\/div><\/div>\n\n<\/div><\/div><\/main><!-- close content main element --><\/div><div class='av-extra-border-element border-extra-diagonal border-extra-diagonal-inverse '><div class='av-extra-border-outer'><div class='av-extra-border-inner'><\/div><\/div><\/div><\/div><div class='clear'><\/div><div id='sub_menu1'  class='av-submenu-container av-kf13x5al-b4189f99d6a9263a52ca0750b0218a6b main_color  avia-builder-el-2  el_after_av_section  el_before_av_section  av-sticky-submenu submenu-not-first container_wrap fullsize' style='z-index:301' ><div class='container av-menu-mobile-disabled av-submenu-pos-center'><ul id='av-custom-submenu-1' class='av-subnav-menu' role='menu'>\n<li class='menu-item av-4rssfr-3ee36ed37a78abcda755d7b523f4ed31 menu-item-top-level menu-item-top-level-1' role='menuitem'><a href='https:\/\/na-dev.de\/berlin\/meetings\/online-meetings\/'  ><span class='avia-bullet'><\/span><span class='avia-menu-text'>Online-Meetings<\/span><\/a><\/li>\n<li class='menu-item av-2ijc2v-4bb91771ddc036425617e775fcc21820 menu-item-top-level menu-item-top-level-2' role='menuitem'><a href='https:\/\/na-dev.de\/berlin\/meetings\/meeting-karte\/'  ><span class='avia-bullet'><\/span><span class='avia-menu-text'>Meeting-Karte<\/span><\/a><\/li>\n<li class='menu-item av-207ed3-1ea3e1a080e0240f304cad5229425542 menu-item-top-level menu-item-top-level-3' role='menuitem'><a href='tel:+494453362'  ><span class='avia-bullet'><\/span><span class='avia-menu-text'>Hotline: 0800 445 3362<\/span><\/a><\/li>\n<\/ul><\/div><\/div><div class='sticky_placeholder'><\/div>\n<div id='av_section_2'  class='avia-section av-2uv3rt-568c6093793b8e08c563edec28a31dc3 main_color avia-section-small avia-no-border-styling  avia-builder-el-3  el_after_av_submenu  el_before_av_section  avia-bg-style-scroll container_wrap fullsize'  ><div class='container av-section-cont-open' ><div class='template-page content  av-content-full alpha units'><div class='post-entry post-entry-type-page post-entry-7559'><div class='entry-content-wrapper clearfix'>\n<div class='flex_column_table av-cxdavd-5521ddb707f7a678d3388018dff5a53c sc-av_one_full av-equal-height-column-flextable'>\n<style type=\"text\/css\" data-created_by=\"avia_inline_auto\" id=\"style-css-av-cxdavd-5521ddb707f7a678d3388018dff5a53c\">\n#top .flex_column_table.av-equal-height-column-flextable.av-cxdavd-5521ddb707f7a678d3388018dff5a53c{\nmargin-top:21px;\nmargin-bottom:0px;\n}\n.flex_column.av-cxdavd-5521ddb707f7a678d3388018dff5a53c{\nborder-radius:0px 0px 0px 0px;\npadding:10px 10px 10px 10px;\n}\n<\/style>\n<div  class='flex_column av-cxdavd-5521ddb707f7a678d3388018dff5a53c av_one_full  avia-builder-el-4  avia-builder-el-no-sibling  dark-column lightswitch first flex_column_table_cell av-equal-height-column av-align-top av-animated-generic left-to-right  '     ><p>\n<style type=\"text\/css\" data-created_by=\"avia_inline_auto\" id=\"style-css-av-lapw0ogq-e831aea4f1ada7cb259ca6c4f807360a\">\n#top .av-special-heading.av-lapw0ogq-e831aea4f1ada7cb259ca6c4f807360a{\npadding-bottom:10px;\nfont-size:24px;\n}\nbody .av-special-heading.av-lapw0ogq-e831aea4f1ada7cb259ca6c4f807360a .av-special-heading-tag .heading-char{\nfont-size:25px;\n}\n#top #wrap_all .av-special-heading.av-lapw0ogq-e831aea4f1ada7cb259ca6c4f807360a .av-special-heading-tag{\nfont-size:24px;\n}\n.av-special-heading.av-lapw0ogq-e831aea4f1ada7cb259ca6c4f807360a .av-subheading{\nfont-size:15px;\n}\n\n@media only screen and (min-width: 480px) and (max-width: 767px){ \n#top #wrap_all .av-special-heading.av-lapw0ogq-e831aea4f1ada7cb259ca6c4f807360a .av-special-heading-tag{\nfont-size:0.8em;\n}\n}\n\n@media only screen and (max-width: 479px){ \n#top #wrap_all .av-special-heading.av-lapw0ogq-e831aea4f1ada7cb259ca6c4f807360a .av-special-heading-tag{\nfont-size:0.8em;\n}\n}\n<\/style>\n<div  id=\"\"  class='av-special-heading av-lapw0ogq-e831aea4f1ada7cb259ca6c4f807360a av-special-heading-h3 blockquote modern-quote  avia-builder-el-5  el_before_av_toggle_container  avia-builder-el-first  av-inherit-size'><h3 class='av-special-heading-tag '  itemprop=\"headline\"  >Du bist als Betroffener in jedem NA-Meeting herzlich willkommen!<\/h3><div class=\"special-heading-border\"><div class=\"special-heading-inner-border\"><\/div><\/div><\/div><br \/>\n<div  class='togglecontainer av-kjnf7jcy-da841137c37f21f455ffb9c438c17643 av-minimal-toggle  avia-builder-el-6  el_after_av_heading  avia-builder-el-last  toggle_close_all' >\n<section class='av_toggle_section av-3ads1j-d00d742e03fe88fdf1735c8ad25ae0b6'  itemscope=\"itemscope\" itemtype=\"https:\/\/schema.org\/CreativeWork\" ><div role=\"tablist\" class=\"single_toggle\" data-tags=\"{Alle} \"  ><p id='toggle-toggle-id-1' data-fake-id='#toggle-id-1' class='toggler  av-title-above '  itemprop=\"headline\"  role='tab' tabindex='0' aria-controls='toggle-id-1' data-slide-speed=\"200\" data-title=\"Informationen zu den Meetings\" data-title-open=\"\" data-aria_collapsed=\"Click to expand: Informationen zu den Meetings\" data-aria_expanded=\"Click to collapse: Informationen zu den Meetings\">Informationen zu den Meetings<span class=\"toggle_icon\"><span class=\"vert_icon\"><\/span><span class=\"hor_icon\"><\/span><\/span><\/p><div id='toggle-id-1' aria-labelledby='toggle-toggle-id-1' role='region' class='toggle_wrap  av-title-above'  ><div class='toggle_content invers-color '  itemprop=\"text\" ><ul>\n<li class=\"av-special-heading-tag av-medium-font-size-overwrite av-medium-font-size-28 av-small-font-size-overwrite av-small-font-size-24 av-mini-font-size-overwrite av-mini-font-size-20\">Als Betroffener bist du bei jedem NA-Meeting herzlich willkommen!<\/li>\n<li>Interessierte Nichts\u00fcchtige sind in den als \u201eoffen f\u00fcr Nicht-S\u00fcchtige&#8221; gekennzeichneten Meetings willkommen. Weitere Informationen <a class=\"link_before\" title=\"Meetings auch f\u00fcr Nicht-S\u00fcchtige\" href=\"\/meetings\/offene-meetings\/\">\u00bb offene Meetings<\/a>.<\/li>\n<li>Alle Meetings sind Nichtraucher-Meetings. Wenn nicht anders angegeben, finden sie auch an Feiertagen statt.<\/li>\n<\/ul>\n<\/div><\/div><\/div><\/section>\n<section class='av_toggle_section av-36612v-7470c191b8776e7e6a2eec75098ebe1f'  itemscope=\"itemscope\" itemtype=\"https:\/\/schema.org\/CreativeWork\" ><div role=\"tablist\" class=\"single_toggle\" data-tags=\"{Alle} \"  ><p id='toggle-toggle-id-2' data-fake-id='#toggle-id-2' class='toggler  av-title-above '  itemprop=\"headline\"  role='tab' tabindex='0' aria-controls='toggle-id-2' data-slide-speed=\"200\" data-title=\"Schwierigkeiten im Zusammenhang mit NA?\" data-title-open=\"\" data-aria_collapsed=\"Click to expand: Schwierigkeiten im Zusammenhang mit NA?\" data-aria_expanded=\"Click to collapse: Schwierigkeiten im Zusammenhang mit NA?\">Schwierigkeiten im Zusammenhang mit NA?<span class=\"toggle_icon\"><span class=\"vert_icon\"><\/span><span class=\"hor_icon\"><\/span><\/span><\/p><div id='toggle-id-2' aria-labelledby='toggle-toggle-id-2' role='region' class='toggle_wrap  av-title-above'  ><div class='toggle_content invers-color '  itemprop=\"text\" ><div dir=\"auto\">HilfeAG@na-berlin.de<\/div>\n<div dir=\"auto\">Wenn du irgendeine Schwierigkeit im Zusammenhang mit NA hast, kannst du dich vertrauensvoll an uns wenden und wir werden dich unterst\u00fctzen.<\/div>\n<div dir=\"auto\"><a href=\"https:\/\/na-berlin.de\/wp-content\/uploads\/sites\/5\/2021\/05\/HILFE_AG_FINAL.pdf\" target=\"_blank\" rel=\"noopener\">Download Flyer Hilfe AG<\/a><\/div>\n<\/div><\/div><\/div><\/section>\n<\/div><\/p><\/div><\/div><!--close column table wrapper. Autoclose: 1 -->\n\n<\/div><\/div><\/div><!-- close content main div --><\/div><div class='av-extra-border-element border-extra-diagonal  '><div class='av-extra-border-outer'><div class='av-extra-border-inner'><\/div><\/div><\/div><\/div><div id='av_section_3'  class='avia-section av-nl3x-3e831b480c978e75d3beed1e638cb5cd main_color avia-section-default avia-no-border-styling  avia-builder-el-7  el_after_av_section  el_before_av_section  avia-bg-style-scroll container_wrap fullsize'  ><div class='container av-section-cont-open' ><div class='template-page content  av-content-full alpha units'><div class='post-entry post-entry-type-page post-entry-7559'><div class='entry-content-wrapper clearfix'>\n<div  class='flex_column av-lz05dhn9-dfd6f3b1c9765acc006b98da36666faa av_one_full  avia-builder-el-8  avia-builder-el-no-sibling  dark-column lightswitch first flex_column_div  '     ><p><br \/>\n<section  class='av_textblock_section av-kod3o8k9-aef219cac4d48cfef7a32d4b5d945575 '   itemscope=\"itemscope\" itemtype=\"https:\/\/schema.org\/CreativeWork\" ><div class='avia_textblock'  itemprop=\"text\" ><p style=\"text-align: center;\">\u00c4nderungen bzgl. Meetings bitte an <a href=\"mailto:meetingsliste@na-berlin.de\">meetingsliste@na-berlin.de<\/a><\/p>\n<\/div><\/section><\/p><\/div><\/div><\/div><\/div><!-- close content main div --><\/div><\/div><div id='av_section_4'  class='avia-section av-nl3x-2-e8d88a801ee4c41a6918066afa1466ce header_color avia-section-default avia-no-border-styling  avia-builder-el-11  el_after_av_section  el_before_av_section  avia-bg-style-scroll container_wrap fullsize'  ><div class='container av-section-cont-open' ><div class='template-page content  av-content-full alpha units'><div class='post-entry post-entry-type-page post-entry-7559'><div class='entry-content-wrapper clearfix'>\n\n<style type=\"text\/css\" data-created_by=\"avia_inline_auto\" id=\"style-css-av-5ndg-5cf26d3a71f9a5dfb60e22d79eaef6af\">\n.flex_column.av-5ndg-5cf26d3a71f9a5dfb60e22d79eaef6af{\nborder-radius:0px 0px 0px 0px;\npadding:0px 0px 0px 0px;\n}\n<\/style>\n<div  class='flex_column av-5ndg-5cf26d3a71f9a5dfb60e22d79eaef6af av_one_half  avia-builder-el-12  el_before_av_one_half  avia-builder-el-first  first flex_column_div av-zero-column-padding  '     ><div  class='avia-button-wrap av-jyhgbj34-217b6fc041dee39158e1cb49817f188e-wrap avia-button-right  avia-builder-el-13  avia-builder-el-no-sibling  button_meetings_pdf'><a href=\"https:\/\/na-berlin.de\/?current-meeting-list=15\" class=\"avia-button av-jyhgbj34-217b6fc041dee39158e1cb49817f188e av-link-btn avia-icon_select-yes-left-icon avia-size-large avia-position-right avia-color-theme-color\" target=\"_blank\" rel=\"noopener noreferrer\" aria-label=\"Pr\u00e4senz Meetingsliste als PDF\"><span class='avia_button_icon avia_button_icon_left avia-iconfont avia-font-entypo-fontello' data-av_icon='\ue82d' data-av_iconfont='entypo-fontello' ><\/span><span class='avia_iconbox_title' >Pr\u00e4senz Meetingsliste als PDF<\/span><\/a><\/div><\/div>\n<style type=\"text\/css\" data-created_by=\"avia_inline_auto\" id=\"style-css-av-3s8s-f77396534f5587fa9e1e3b6d3f1a653b\">\n.flex_column.av-3s8s-f77396534f5587fa9e1e3b6d3f1a653b{\nborder-radius:0px 0px 0px 0px;\npadding:0px 0px 0px 0px;\n}\n<\/style>\n<div  class='flex_column av-3s8s-f77396534f5587fa9e1e3b6d3f1a653b av_one_half  avia-builder-el-14  el_after_av_one_half  avia-builder-el-last  flex_column_div av-zero-column-padding  '     ><div  class='avia-button-wrap av-jyhgbj34-1-b98fa0f9552f3fd397bbd26888647c84-wrap avia-button-left  avia-builder-el-15  avia-builder-el-no-sibling  button_meetings_liste'><a href=\"https:\/\/na-berlin.de\/?current-meeting-list=6\" class=\"avia-button av-jyhgbj34-1-b98fa0f9552f3fd397bbd26888647c84 av-link-btn avia-icon_select-yes-left-icon avia-size-large avia-position-left avia-color-theme-color\" target=\"_blank\" rel=\"noopener noreferrer\" aria-label=\"Online Meetinglist als PDF\"><span class='avia_button_icon avia_button_icon_left avia-iconfont avia-font-entypo-fontello' data-av_icon='\ue82d' data-av_iconfont='entypo-fontello' ><\/span><span class='avia_iconbox_title' >Online Meetinglist als PDF<\/span><\/a><\/div><\/div>\n<\/p>\n<\/div><\/div><\/div><!-- close content main div --><\/div><\/div><div id='av_section_5' aria-label='&lt;a name=&quot;offenes_meeting&quot;&gt;&lt;\/a&gt;' class='avia-section av-2uv3rt-4-07dc07eac9eca9a308a3ad8edf3c2da5 main_color avia-section-small avia-no-border-styling  avia-builder-el-16  el_after_av_section  avia-builder-el-last  avia-bg-style-scroll container_wrap fullsize'  ><div class='container av-section-cont-open' ><div class='template-page content  av-content-full alpha units'><div class='post-entry post-entry-type-page post-entry-7559'><div class='entry-content-wrapper clearfix'>\n<div class='flex_column_table av-cxdavd-3-5c2ea500d6bedd413e530fbc22803c93 sc-av_one_full av-equal-height-column-flextable'>\n<style type=\"text\/css\" data-created_by=\"avia_inline_auto\" id=\"style-css-av-cxdavd-3-5c2ea500d6bedd413e530fbc22803c93\">\n#top .flex_column_table.av-equal-height-column-flextable.av-cxdavd-3-5c2ea500d6bedd413e530fbc22803c93{\nmargin-top:0px;\nmargin-bottom:0px;\n}\n.flex_column.av-cxdavd-3-5c2ea500d6bedd413e530fbc22803c93{\nborder-width:3px;\nborder-color:#dda538;\nborder-style:solid;\nborder-radius:0px 0px 0px 0px;\npadding:10px 10px 10px 10px;\n}\n<\/style>\n<div  class='flex_column av-cxdavd-3-5c2ea500d6bedd413e530fbc22803c93 av_one_full  avia-builder-el-17  avia-builder-el-no-sibling  dark-column lightswitch first flex_column_table_cell av-equal-height-column av-align-top av-animated-generic left-to-right  '     ><p>\n<style type=\"text\/css\" data-created_by=\"avia_inline_auto\" id=\"style-css-av-2rpu87-d419cce3f4a8d0176e18a508cf4bf63a\">\n#top .av-special-heading.av-2rpu87-d419cce3f4a8d0176e18a508cf4bf63a{\nmargin:0 0 0 0;\npadding-bottom:10px;\nfont-size:24px;\n}\nbody .av-special-heading.av-2rpu87-d419cce3f4a8d0176e18a508cf4bf63a .av-special-heading-tag .heading-char{\nfont-size:25px;\n}\n#top #wrap_all .av-special-heading.av-2rpu87-d419cce3f4a8d0176e18a508cf4bf63a .av-special-heading-tag{\nfont-size:24px;\n}\n.av-special-heading.av-2rpu87-d419cce3f4a8d0176e18a508cf4bf63a .av-subheading{\nfont-size:10px;\n}\n\n@media only screen and (min-width: 768px) and (max-width: 989px){ \n#top #wrap_all .av-special-heading.av-2rpu87-d419cce3f4a8d0176e18a508cf4bf63a .av-special-heading-tag{\nfont-size:28px;\n}\n.av-special-heading.av-2rpu87-d419cce3f4a8d0176e18a508cf4bf63a .av-subheading{\nfont-size:20px;\n}\n}\n\n@media only screen and (min-width: 480px) and (max-width: 767px){ \n#top #wrap_all .av-special-heading.av-2rpu87-d419cce3f4a8d0176e18a508cf4bf63a .av-special-heading-tag{\nfont-size:24px;\n}\n.av-special-heading.av-2rpu87-d419cce3f4a8d0176e18a508cf4bf63a .av-subheading{\nfont-size:16px;\n}\n}\n\n@media only screen and (max-width: 479px){ \n#top #wrap_all .av-special-heading.av-2rpu87-d419cce3f4a8d0176e18a508cf4bf63a .av-special-heading-tag{\nfont-size:20px;\n}\n.av-special-heading.av-2rpu87-d419cce3f4a8d0176e18a508cf4bf63a .av-subheading{\nfont-size:12px;\n}\n}\n<\/style>\n<div  id=\"headline_second_level\"  class='av-special-heading av-2rpu87-d419cce3f4a8d0176e18a508cf4bf63a av-special-heading-h3 blockquote modern-quote modern-centered  avia-builder-el-18  el_before_av_textblock  avia-builder-el-first  av-inherit-size av-linked-heading'><h3 class='av-special-heading-tag '  itemprop=\"headline\"  ><a class=\"av-heading-link\" href=\"https:\/\/na-dev.de\/berlin\/portfolio-item\/dein-1-na-meeting\/\">Anmeldung zum Meetings-Newsletter<\/a><\/h3><div class=\"special-heading-border\"><div class=\"special-heading-inner-border\"><\/div><\/div><\/div><br \/>\n<section  class='av_textblock_section av-k1qvc59v-29619e8feaec4a50453c49b87f473ff1 '   itemscope=\"itemscope\" itemtype=\"https:\/\/schema.org\/CreativeWork\" ><div class='avia_textblock'  itemprop=\"text\" ><p>Mit dem Eintrag in den Meetings-Newsletter erh\u00e4lst du Informationen \u00fcber neue, geschlossene oder umgezogene Meetings, ge\u00e4nderte Zeiten usw.<\/p>\n<script src=\"https:\/\/narcotics-anonymous.de\/swmn\/captcha\/captcha\/captcha.php\"><\/script>\n<form method=\"post\" action=\"https:\/\/narcotics-anonymous.de\/swmn\/nl.php\">\n<input type=\"hidden\" name=\"MailingListId\" value=\"16\" \/>\n<input type=\"hidden\" name=\"FormId\" value=\"1\" \/>\n<input type=\"hidden\" name=\"FormEncoding\" value=\"iso-8859-1\" \/>\n<input type=\"hidden\" name=\"Action\" value=\"subscribe\" \/>\n<br \/>\n<table cellspacing=\"0\" cellpadding=\"0\" border=\"0\" id=\"swm_anmeldung_table\">\n<tbody>\n<tr>\n<td style=\"border:0px;\">\n<label for=\"u_EMail\">\nE-Mail-Adresse<\/label>\n&nbsp;* <\/td>\n<td style=\"border:0px;\">\n<input type=\"text\" name=\"u_EMail\" size=\"50\" maxlength=\"255\" id=\"u_EMail\" \/>\n<\/td>\n<\/tr>\n\t<tr>\n<td style=\"vertical-align:top; border:0px;\">\nGeben Sie die Zeichenkette, wie im nachfolgenden Feld angezeigt, ein (Spam-Schutz)*\n<\/td>\n<td style=\"border:0px;\">\n\n<input type=\"text\" name=\"user_captcha_string\" \/>\n<img decoding=\"async\" src=\"https:\/\/narcotics-anonymous.de\/swmn\/captcha\/captcha\/image.php\" id=\"captcha_internal\" alt=\"Captcha\" \/>\n<a href=\"javascript:refreshCaptcha();\" title=\"Captcha nicht lesbar?\" style=\"text-decoration: none;font-weight: bolder;font-size: 1.2em;\">\n&#10227;<\/a>\n\n<\/td>\n<\/tr>\n<tr>\n<td style=\"border:0px;\" colspan=\"2\" >\n<span>\n<br \/>\nMit Angabe meiner Daten und Absenden der Anmeldung erkl&auml;re ich mich einverstanden, den hier bestellten Newsletter per E-Mail zu erhalten. Meine Daten werden nicht an Dritte weitergegeben. Dieses Einverst&auml;ndnis kann ich jederzeit widerrufen. Weitere ausf&uuml;hrliche Informationen in der\n<a href=\"https:\/\/narcotics-anonymous.de\/datenschutzerklaerung\/\" target=\"_blank\" rel=\"noopener\">\nDatenschutzerkl&auml;rung<\/a>\n<br \/>\n<input type=\"checkbox\" name=\"PrivacyPolicyAccepted\" id=\"PrivacyPolicyAccepted\" value=\"1\" \/>\n<label for=\"PrivacyPolicyAccepted\">\n&nbsp;Ich akzeptiere die <a href=\"https:\/\/narcotics-anonymous.de\/datenschutzerklaerung\/\" target=\"_blank\" rel=\"noopener\">\nDatenschutzerkl&auml;rung.<\/a>\n&nbsp;*<\/label>\n<br \/>\n<\/span>\n<\/td>\n<\/tr>\n<tr>\n<td style=\"border:0px;\" colspan=\"2\" >\n<input type=\"submit\" value=\"Absenden\" \/>\n<\/td>\n<\/tr>\n<tr>\n<td colspan=\"2\">\n&nbsp;\n<\/td>\n<\/tr>\n<tr>\n<td style=\"border:0px;\" colspan=\"2\">\nAngaben mit * sind Pflichtangaben. <\/td>\n<\/tr>\n<\/tbody>\n<\/table>\n<\/form>\n\n<\/div><\/section><\/p><\/div><\/div><!--close column table wrapper. Autoclose: 1 -->\n\n","protected":false},"excerpt":{"rendered":"","protected":false},"author":2,"featured_media":0,"parent":2,"menu_order":0,"comment_status":"closed","ping_status":"closed","template":"","meta":{"footnotes":""},"class_list":["post-7559","page","type-page","status-publish","hentry"],"_links":{"self":[{"href":"https:\/\/na-dev.de\/berlin\/wp-json\/wp\/v2\/pages\/7559","targetHints":{"allow":["GET"]}}],"collection":[{"href":"https:\/\/na-dev.de\/berlin\/wp-json\/wp\/v2\/pages"}],"about":[{"href":"https:\/\/na-dev.de\/berlin\/wp-json\/wp\/v2\/types\/page"}],"author":[{"embeddable":true,"href":"https:\/\/na-dev.de\/berlin\/wp-json\/wp\/v2\/users\/2"}],"replies":[{"embeddable":true,"href":"https:\/\/na-dev.de\/berlin\/wp-json\/wp\/v2\/comments?post=7559"}],"version-history":[{"count":0,"href":"https:\/\/na-dev.de\/berlin\/wp-json\/wp\/v2\/pages\/7559\/revisions"}],"up":[{"embeddable":true,"href":"https:\/\/na-dev.de\/berlin\/wp-json\/wp\/v2\/pages\/2"}],"wp:attachment":[{"href":"https:\/\/na-dev.de\/berlin\/wp-json\/wp\/v2\/media?parent=7559"}],"curies":[{"name":"wp","href":"https:\/\/api.w.org\/{rel}","templated":true}]}}