{"id":7798,"date":"2020-09-21T15:17:54","date_gmt":"2020-09-21T13:17:54","guid":{"rendered":"http:\/\/multisite.narcotics-anonymous.de\/berlin\/?page_id=7798"},"modified":"2024-07-24T21:46:39","modified_gmt":"2024-07-24T19:46:39","slug":"englische-online-meetings","status":"publish","type":"page","link":"https:\/\/na-dev.de\/berlin\/englische-online-meetings\/","title":{"rendered":"Englische NA Meetings &#8211; Online Meetings"},"content":{"rendered":"<div id='av_section_1'  class='avia-section av-301sg9-96b2a6dad8c1e69e3b23127c5a6dbf71 main_color avia-section-small avia-no-border-styling  avia-builder-el-0  el_before_av_submenu  avia-builder-el-first  avia-bg-style-scroll container_wrap fullsize'  ><div class='container av-section-cont-open' ><main  role=\"main\" itemprop=\"mainContentOfPage\"  class='template-page content  av-content-full alpha units'><div class='post-entry post-entry-type-page post-entry-7798'><div class='entry-content-wrapper clearfix'>\n\n<style type=\"text\/css\" data-created_by=\"avia_inline_auto\" id=\"style-css-av-kfck0x7t-b08031b407d30e770f78d1bdba833b7c\">\n#top .av-special-heading.av-kfck0x7t-b08031b407d30e770f78d1bdba833b7c{\nmargin:20px 0 0 0;\npadding-bottom:0;\nfont-size:54px;\n}\nbody .av-special-heading.av-kfck0x7t-b08031b407d30e770f78d1bdba833b7c .av-special-heading-tag .heading-char{\nfont-size:25px;\n}\n#top #wrap_all .av-special-heading.av-kfck0x7t-b08031b407d30e770f78d1bdba833b7c .av-special-heading-tag{\nfont-size:54px;\n}\n.av-special-heading.av-kfck0x7t-b08031b407d30e770f78d1bdba833b7c .av-subheading{\nfont-size:10px;\n}\n\n@media only screen and (min-width: 480px) and (max-width: 767px){ \n#top #wrap_all .av-special-heading.av-kfck0x7t-b08031b407d30e770f78d1bdba833b7c .av-special-heading-tag{\nfont-size:0.8em;\n}\n}\n\n@media only screen and (max-width: 479px){ \n#top #wrap_all .av-special-heading.av-kfck0x7t-b08031b407d30e770f78d1bdba833b7c .av-special-heading-tag{\nfont-size:0.8em;\n}\n}\n<\/style>\n<div  class='av-special-heading av-kfck0x7t-b08031b407d30e770f78d1bdba833b7c av-special-heading-h3 blockquote modern-quote  avia-builder-el-1  avia-builder-el-no-sibling  farbsek_1_h3_sep av-inherit-size'><h3 class='av-special-heading-tag '  itemprop=\"headline\"  >Englische Online Meetings<\/h3><div class=\"special-heading-border\"><div class=\"special-heading-inner-border\"><\/div><\/div><\/div>\n\n<\/div><\/div><\/main><!-- close content main element --><\/div><div class='av-extra-border-element border-extra-diagonal border-extra-diagonal-inverse '><div class='av-extra-border-outer'><div class='av-extra-border-inner'><\/div><\/div><\/div><\/div><div class='clear'><\/div><div id='sub_menu1'  class='av-submenu-container av-kf13x5al-8959774cae25641c4247861cf4c9159b main_color  avia-builder-el-2  el_after_av_section  el_before_av_section  av-sticky-submenu submenu-not-first container_wrap fullsize' style='z-index:301' ><div class='container av-menu-mobile-disabled av-submenu-pos-center'><ul id='av-custom-submenu-1' class='av-subnav-menu' role='menu'>\n<li class='menu-item av-2b3f0d-b30f5b6b6b337ea7d85c3ef818e3a744 menu-item-top-level menu-item-top-level-1' role='menuitem'><a href='https:\/\/na-dev.de\/berlin\/meetings\/praesenz-meetings\/'  ><span class='avia-bullet'><\/span><span class='avia-menu-text'>Pr\u00e4senz Meetings<\/span><\/a><\/li>\n<li class='menu-item av-27vw25-7d263ffe0df027491ff66eb9f98e4ef6 menu-item-top-level menu-item-top-level-2' role='menuitem'><a href='https:\/\/na-dev.de\/berlin\/meetings\/meeting-karte\/'  ><span class='avia-bullet'><\/span><span class='avia-menu-text'>Meeting Karte<\/span><\/a><\/li>\n<\/ul><\/div><\/div><div class='sticky_placeholder'><\/div>\n\n<style type=\"text\/css\" data-created_by=\"avia_inline_auto\" id=\"style-css-av-2uv3rt-4a814ec3a49e273fa2c8c79676a88c64\">\n.avia-section.av-2uv3rt-4a814ec3a49e273fa2c8c79676a88c64{\nmargin-top:0px;\nmargin-bottom:0;\n}\n<\/style>\n<div id='av_section_2'  class='avia-section av-2uv3rt-4a814ec3a49e273fa2c8c79676a88c64 main_color avia-section-small avia-no-border-styling  avia-builder-el-3  el_after_av_submenu  el_before_av_section  avia-bg-style-scroll container_wrap fullsize'  ><div class='container av-section-cont-open' ><div class='template-page content  av-content-full alpha units'><div class='post-entry post-entry-type-page post-entry-7798'><div class='entry-content-wrapper clearfix'>\n<div class='flex_column_table av-cxdavd-27736b2c25cc2ea9af3c8a3a99e21f45 sc-av_one_full av-equal-height-column-flextable'>\n<style type=\"text\/css\" data-created_by=\"avia_inline_auto\" id=\"style-css-av-cxdavd-27736b2c25cc2ea9af3c8a3a99e21f45\">\n@keyframes av_boxShadowEffect_av-cxdavd-27736b2c25cc2ea9af3c8a3a99e21f45-column {\n0%   { box-shadow:  0 0 0 0 #294372; opacity: 1; }\n100% { box-shadow:  0 0 10px 0 #294372; opacity: 1; }\n}\n#top .flex_column_table.av-equal-height-column-flextable.av-cxdavd-27736b2c25cc2ea9af3c8a3a99e21f45{\nmargin-top:10px;\nmargin-bottom:0px;\n}\n.flex_column.av-cxdavd-27736b2c25cc2ea9af3c8a3a99e21f45{\nbox-shadow: 0 0 10px 0 #294372;\nborder-radius:0px 0px 0px 0px;\npadding:10px 10px 10px 10px;\nbackground-color:#294372;\n}\n<\/style>\n<div  class='flex_column av-cxdavd-27736b2c25cc2ea9af3c8a3a99e21f45 av_one_full  avia-builder-el-4  avia-builder-el-no-sibling  first flex_column_table_cell av-equal-height-column av-align-top av-animated-generic left-to-right shadow-not-animated  '     ><p>\n<style type=\"text\/css\" data-created_by=\"avia_inline_auto\" id=\"style-css-av-2wn3e5-f37ede41061966ae86e49d68eb70924b\">\n#top .av-special-heading.av-2wn3e5-f37ede41061966ae86e49d68eb70924b{\nmargin:0 0 0 0;\npadding-bottom:10px;\ncolor:#ffffff;\nfont-size:24px;\n}\nbody .av-special-heading.av-2wn3e5-f37ede41061966ae86e49d68eb70924b .av-special-heading-tag .heading-char{\nfont-size:25px;\n}\n#top #wrap_all .av-special-heading.av-2wn3e5-f37ede41061966ae86e49d68eb70924b .av-special-heading-tag{\nfont-size:24px;\n}\n.av-special-heading.av-2wn3e5-f37ede41061966ae86e49d68eb70924b .special-heading-inner-border{\nborder-color:#ffffff;\n}\n.av-special-heading.av-2wn3e5-f37ede41061966ae86e49d68eb70924b .av-subheading{\nfont-size:15px;\n}\n\n@media only screen and (min-width: 768px) and (max-width: 989px){ \n#top #wrap_all .av-special-heading.av-2wn3e5-f37ede41061966ae86e49d68eb70924b .av-special-heading-tag{\nfont-size:28px;\n}\n.av-special-heading.av-2wn3e5-f37ede41061966ae86e49d68eb70924b .av-subheading{\nfont-size:20px;\n}\n}\n\n@media only screen and (min-width: 480px) and (max-width: 767px){ \n#top #wrap_all .av-special-heading.av-2wn3e5-f37ede41061966ae86e49d68eb70924b .av-special-heading-tag{\nfont-size:24px;\n}\n.av-special-heading.av-2wn3e5-f37ede41061966ae86e49d68eb70924b .av-subheading{\nfont-size:16px;\n}\n}\n\n@media only screen and (max-width: 479px){ \n#top #wrap_all .av-special-heading.av-2wn3e5-f37ede41061966ae86e49d68eb70924b .av-special-heading-tag{\nfont-size:20px;\n}\n.av-special-heading.av-2wn3e5-f37ede41061966ae86e49d68eb70924b .av-subheading{\nfont-size:12px;\n}\n}\n<\/style>\n<div  id=\"headline_second_level\"  class='av-special-heading av-2wn3e5-f37ede41061966ae86e49d68eb70924b av-special-heading-h3 custom-color-heading blockquote modern-quote modern-centered  avia-builder-el-5  el_before_av_textblock  avia-builder-el-first  av-inherit-size av-linked-heading'><h3 class='av-special-heading-tag '  itemprop=\"headline\"  ><a class=\"av-heading-link\" href=\"https:\/\/na-dev.de\/berlin\/portfolio-item\/bcvk\/\" >Du kannst als Betroffener zu jedem NA-Meeting einfach hingehen. Herzlich Willkommen!<\/a><\/h3><div class=\"special-heading-border\"><div class=\"special-heading-inner-border\"><\/div><\/div><\/div><br \/>\n\n<style type=\"text\/css\" data-created_by=\"avia_inline_auto\" id=\"style-css-av-jyhgnvrb-ec7adecb18687f92627bc226aea2d907\">\n#top .av_textblock_section.av-jyhgnvrb-ec7adecb18687f92627bc226aea2d907 .avia_textblock{\nfont-size:18px;\ncolor:#ffffff;\n}\n<\/style>\n<section  class='av_textblock_section av-jyhgnvrb-ec7adecb18687f92627bc226aea2d907 '   itemscope=\"itemscope\" itemtype=\"https:\/\/schema.org\/CreativeWork\" ><div class='avia_textblock av_inherit_color'  itemprop=\"text\" ><p><strong>Interessierte Nichts\u00fcchtige sind willkommen in den als \u00bboffen f\u00fcr Nicht-S\u00fcchtige\u00ab gekennzeichneten Meetings.\u00a0 <em>Siehe hierzu:<\/em> <a class=\"link_before\" href=\"offene-meetings\/\"> Offene Meetings finden<\/a><\/strong><\/p>\n<p>Alle Meetings sind Nichtraucher-Meetings. Wenn nicht anders angegeben, finden sie auch an Feiertagen statt.<\/p>\n<p>Bitte teilt uns alle <strong>\u00c4nderungen<\/strong> der Meetings-Daten per <a href=\"mailto:meetingsliste@na-berlin.de\">Mail<\/a> mit.<\/p>\n<\/div><\/section><\/p><\/div><\/div><!--close column table wrapper. Autoclose: 1 --><\/div><\/div><\/div><!-- close content main div --><\/div><\/div><div id='av_section_3'  class='avia-section av-nl3x-3e831b480c978e75d3beed1e638cb5cd main_color avia-section-default avia-no-border-styling  avia-builder-el-7  el_after_av_section  el_before_av_section  avia-bg-style-scroll container_wrap fullsize'  ><div class='container av-section-cont-open' ><div class='template-page content  av-content-full alpha units'><div class='post-entry post-entry-type-page post-entry-7798'><div class='entry-content-wrapper clearfix'>\n\n<\/p>\n<\/div><\/div><\/div><!-- close content main div --><\/div><\/div><div id='av_section_4'  class='avia-section av-nl3x-2-4d2b4a335a63e43a468c44e73723d4a7 main_color avia-section-default avia-no-border-styling  avia-builder-el-9  el_after_av_section  el_before_av_section  avia-bg-style-scroll container_wrap fullsize'  ><div class='container av-section-cont-open' ><div class='template-page content  av-content-full alpha units'><div class='post-entry post-entry-type-page post-entry-7798'><div class='entry-content-wrapper clearfix'>\n\n<style type=\"text\/css\" data-created_by=\"avia_inline_auto\" id=\"style-css-av-5ndg-5cf26d3a71f9a5dfb60e22d79eaef6af\">\n.flex_column.av-5ndg-5cf26d3a71f9a5dfb60e22d79eaef6af{\nborder-radius:0px 0px 0px 0px;\npadding:0px 0px 0px 0px;\n}\n<\/style>\n<div  class='flex_column av-5ndg-5cf26d3a71f9a5dfb60e22d79eaef6af av_one_half  avia-builder-el-10  el_before_av_one_half  avia-builder-el-first  first flex_column_div av-zero-column-padding  '     ><div  class='avia-button-wrap av-jyhgbj34-8b923b820bdf7a9e178d05e2be78ed79-wrap avia-button-right  avia-builder-el-11  avia-builder-el-no-sibling  button_meetings_pdf'><a href=\"http:\/\/multisite.narcotics-anonymous.de\/?current-meeting-list=1\" class=\"avia-button av-jyhgbj34-8b923b820bdf7a9e178d05e2be78ed79 av-link-btn avia-icon_select-yes-left-icon avia-size-large avia-position-right avia-color-theme-color\" target=\"_blank\" rel=\"noopener noreferrer\" aria-label=\"Meetingsliste als A6 Heft\"><span class='avia_button_icon avia_button_icon_left avia-iconfont avia-font-entypo-fontello' data-av_icon='\ue82d' data-av_iconfont='entypo-fontello' ><\/span><span class='avia_iconbox_title' >Meetingsliste als A6 Heft<\/span><\/a><\/div><\/div>\n<style type=\"text\/css\" data-created_by=\"avia_inline_auto\" id=\"style-css-av-3s8s-f77396534f5587fa9e1e3b6d3f1a653b\">\n.flex_column.av-3s8s-f77396534f5587fa9e1e3b6d3f1a653b{\nborder-radius:0px 0px 0px 0px;\npadding:0px 0px 0px 0px;\n}\n<\/style>\n<div  class='flex_column av-3s8s-f77396534f5587fa9e1e3b6d3f1a653b av_one_half  avia-builder-el-12  el_after_av_one_half  avia-builder-el-last  flex_column_div av-zero-column-padding  '     ><div  class='avia-button-wrap av-jyhgbj34-1-e0954c06bfa9be4e20cbffc9aa42c4fd-wrap avia-button-left  avia-builder-el-13  avia-builder-el-no-sibling  button_meetings_liste'><a href=\"http:\/\/meetings.narcotics-anonymous.de\/meetings-in-der-region\/\" class=\"avia-button av-jyhgbj34-1-e0954c06bfa9be4e20cbffc9aa42c4fd av-link-btn avia-icon_select-yes-left-icon avia-size-large avia-position-left avia-color-theme-color\" target=\"_blank\" rel=\"noopener noreferrer\" aria-label=\"Meetinglist als Flyer\"><span class='avia_button_icon avia_button_icon_left avia-iconfont avia-font-entypo-fontello' data-av_icon='\ue82d' data-av_iconfont='entypo-fontello' ><\/span><span class='avia_iconbox_title' >Meetinglist als Flyer<\/span><\/a><\/div><\/div>\n\n<\/div><\/div><\/div><!-- close content main div --><\/div><\/div>\n<style type=\"text\/css\" data-created_by=\"avia_inline_auto\" id=\"style-css-av-2uv3rt-4-d815ad430139cb0b8b4a3d7e853e8a4e\">\n.avia-section.av-2uv3rt-4-d815ad430139cb0b8b4a3d7e853e8a4e{\nbackground-color:#ffffff;\nbackground-image:unset;\n}\n<\/style>\n<div id='av_section_5' aria-label='&lt;a name=&quot;offenes_meeting&quot;&gt;&lt;\/a&gt;' class='avia-section av-2uv3rt-4-d815ad430139cb0b8b4a3d7e853e8a4e main_color avia-section-small avia-no-border-styling  avia-builder-el-14  el_after_av_section  avia-builder-el-last  avia-bg-style-scroll container_wrap fullsize'  ><div class='container av-section-cont-open' ><div class='template-page content  av-content-full alpha units'><div class='post-entry post-entry-type-page post-entry-7798'><div class='entry-content-wrapper clearfix'>\n<div class='flex_column_table av-cxdavd-3-6172891d351fe415eda1a1ad057660cb sc-av_one_full av-equal-height-column-flextable'>\n<style type=\"text\/css\" data-created_by=\"avia_inline_auto\" id=\"style-css-av-cxdavd-3-6172891d351fe415eda1a1ad057660cb\">\n#top .flex_column_table.av-equal-height-column-flextable.av-cxdavd-3-6172891d351fe415eda1a1ad057660cb{\nmargin-top:0px;\nmargin-bottom:0px;\n}\n.flex_column.av-cxdavd-3-6172891d351fe415eda1a1ad057660cb{\nborder-width:3px;\nborder-color:#dda538;\nborder-style:solid;\nborder-radius:0px 0px 0px 0px;\npadding:10px 10px 10px 10px;\nbackground-color:#ffffff;\n}\n<\/style>\n<div  class='flex_column av-cxdavd-3-6172891d351fe415eda1a1ad057660cb av_one_full  avia-builder-el-15  avia-builder-el-no-sibling  first flex_column_table_cell av-equal-height-column av-align-top av-animated-generic left-to-right  '     ><p>\n<style type=\"text\/css\" data-created_by=\"avia_inline_auto\" id=\"style-css-av-k7btcunx-a0272b49e88f636786fb4144b965cdf8\">\n#top .av-special-heading.av-k7btcunx-a0272b49e88f636786fb4144b965cdf8{\nmargin:0 0 0 0;\npadding-bottom:10px;\nfont-size:24px;\n}\nbody .av-special-heading.av-k7btcunx-a0272b49e88f636786fb4144b965cdf8 .av-special-heading-tag .heading-char{\nfont-size:25px;\n}\n#top #wrap_all .av-special-heading.av-k7btcunx-a0272b49e88f636786fb4144b965cdf8 .av-special-heading-tag{\nfont-size:24px;\n}\n.av-special-heading.av-k7btcunx-a0272b49e88f636786fb4144b965cdf8 .av-subheading{\nfont-size:10px;\n}\n\n@media only screen and (min-width: 768px) and (max-width: 989px){ \n#top #wrap_all .av-special-heading.av-k7btcunx-a0272b49e88f636786fb4144b965cdf8 .av-special-heading-tag{\nfont-size:28px;\n}\n.av-special-heading.av-k7btcunx-a0272b49e88f636786fb4144b965cdf8 .av-subheading{\nfont-size:20px;\n}\n}\n\n@media only screen and (min-width: 480px) and (max-width: 767px){ \n#top #wrap_all .av-special-heading.av-k7btcunx-a0272b49e88f636786fb4144b965cdf8 .av-special-heading-tag{\nfont-size:24px;\n}\n.av-special-heading.av-k7btcunx-a0272b49e88f636786fb4144b965cdf8 .av-subheading{\nfont-size:16px;\n}\n}\n\n@media only screen and (max-width: 479px){ \n#top #wrap_all .av-special-heading.av-k7btcunx-a0272b49e88f636786fb4144b965cdf8 .av-special-heading-tag{\nfont-size:20px;\n}\n.av-special-heading.av-k7btcunx-a0272b49e88f636786fb4144b965cdf8 .av-subheading{\nfont-size:12px;\n}\n}\n<\/style>\n<div  id=\"headline_second_level\"  class='av-special-heading av-k7btcunx-a0272b49e88f636786fb4144b965cdf8 av-special-heading-h3 blockquote modern-quote modern-centered  avia-builder-el-16  el_before_av_textblock  avia-builder-el-first  av-inherit-size'><h3 class='av-special-heading-tag '  itemprop=\"headline\"  >Anmeldung bei Meetings-Newsletter<\/h3><div class=\"special-heading-border\"><div class=\"special-heading-inner-border\"><\/div><\/div><\/div><br \/>\n<section  class='av_textblock_section av-k1qvc59v-c3a59b94ab7d7f9611c91a1ac0ce8ead '   itemscope=\"itemscope\" itemtype=\"https:\/\/schema.org\/CreativeWork\" ><div class='avia_textblock'  itemprop=\"text\" ><p>Der Meetings-Newsletter befindet sich zur Zeit in einer Testphase. In Zukunft k\u00f6nnen \u00fcber diesen Newsletter Informationen \u00fcber neue Meetings, geschlossene Meetings, umgezogene Meetings usw. erhalten werden. Du kannst dich aber schon jetzt anmelden, um das neue System auszuprobieren:<br \/>\n[xyz-ips snippet=&#8221;Captcha-Config&#8221;]<\/p>\n<form id=\"SubscribeUnsubscribeForm\" action=\"\/sml\/defaultnewsletter.php\" method=\"post\" name=\"SubscribeUnsubscribeForm\"><input name=\"HTMLForm\" type=\"hidden\" value=\"subform\" \/><input name=\"MailingListId\" type=\"hidden\" value=\"2\" \/><input name=\"FormId\" type=\"hidden\" value=\"1\" \/><\/p>\n<fieldset><label for=\"u_EMail\">E-Mail-Adresse*<\/label>\u00a0\u00a0<input id=\"u_EMail\" maxlength=\"255\" name=\"u_EMail\" size=\"50\" type=\"text\" \/><br \/>\n<input name=\"Action\" type=\"hidden\" value=\"subscribe\" \/><\/p>\n<div>Mit Angabe meiner Daten und Absenden der Anmeldung erkl\u00e4re ich mich einverstanden, den hier bestellten Newsletter per E-Mail zu erhalten. Meine Daten werden nicht an Dritte weitergegeben. Dieses Einverst\u00e4ndnis kann ich jederzeit widerrufen. Weitere ausf\u00fchrliche Informationen in der <a style=\"font-size: inherit;\" href=\"https:\/\/na-berlin.de\/de\/datenschutz\/\" target=\"_blank\" rel=\"noopener noreferrer\">Datenschutzerkl\u00e4rung<\/a><\/div>\n<div><input id=\"PrivacyPolicyAccepted\" name=\"PrivacyPolicyAccepted\" type=\"checkbox\" value=\"1\" \/><label for=\"PrivacyPolicyAccepted\">\u00a0Ich akzeptiere die <a style=\"font-size: inherit;\" href=\"https:\/\/na-berlin.de\/de\/datenschutz\/\" target=\"_blank\" rel=\"noopener noreferrer\">Datenschutzerkl\u00e4rung.<\/a>\u00a0*<\/label><\/div>\n<div>Geben Sie das Wort, wie im nachfolgenden Feld angezeigt, ein (Spam-Schutz)*<br \/>\n<input name=\"user_captcha_string\" type=\"text\" \/>[xyz-ips snippet=&#8221;Captcha-ID&#8221;]<\/div>\n<div><input type=\"submit\" value=\"Anmelden\" \/><\/div>\n<div>Angaben mit * sind Pflichtangaben.<\/div>\n<\/fieldset>\n<\/form>\n<\/div><\/section><\/p><\/div><\/div><!--close column table wrapper. Autoclose: 1 -->\n\n","protected":false},"excerpt":{"rendered":"","protected":false},"author":2,"featured_media":0,"parent":0,"menu_order":0,"comment_status":"closed","ping_status":"closed","template":"","meta":{"footnotes":""},"class_list":["post-7798","page","type-page","status-publish","hentry"],"_links":{"self":[{"href":"https:\/\/na-dev.de\/berlin\/wp-json\/wp\/v2\/pages\/7798","targetHints":{"allow":["GET"]}}],"collection":[{"href":"https:\/\/na-dev.de\/berlin\/wp-json\/wp\/v2\/pages"}],"about":[{"href":"https:\/\/na-dev.de\/berlin\/wp-json\/wp\/v2\/types\/page"}],"author":[{"embeddable":true,"href":"https:\/\/na-dev.de\/berlin\/wp-json\/wp\/v2\/users\/2"}],"replies":[{"embeddable":true,"href":"https:\/\/na-dev.de\/berlin\/wp-json\/wp\/v2\/comments?post=7798"}],"version-history":[{"count":0,"href":"https:\/\/na-dev.de\/berlin\/wp-json\/wp\/v2\/pages\/7798\/revisions"}],"wp:attachment":[{"href":"https:\/\/na-dev.de\/berlin\/wp-json\/wp\/v2\/media?parent=7798"}],"curies":[{"name":"wp","href":"https:\/\/api.w.org\/{rel}","templated":true}]}}