{"id":8007,"date":"2020-09-28T01:32:50","date_gmt":"2020-09-27T23:32:50","guid":{"rendered":"http:\/\/multisite.narcotics-anonymous.de\/berlin\/?page_id=8007"},"modified":"2025-01-14T18:47:21","modified_gmt":"2025-01-14T17:47:21","slug":"links","status":"publish","type":"page","link":"https:\/\/na-dev.de\/berlin\/en\/contact\/links\/","title":{"rendered":"links"},"content":{"rendered":"<div  class='flex_column av-m5wrmgnp-57b22acf138db682827b02b2f8c145d0 av_one_full  avia-builder-el-0  avia-builder-el-no-sibling  dark-column lightswitch first flex_column_div  '     ><section  class='av_textblock_section av-av_textblock-f7bb001b05acbd057f09f13cca5bb773 '   itemscope=\"itemscope\" itemtype=\"https:\/\/schema.org\/CreativeWork\" ><div class='avia_textblock'  itemprop=\"text\" ><p>The following links are a small sample of NA resources in the Web.\u00a0 We have listed only official NA pages.<\/p>\n<p>We welcome any comments per <a href=\"mailto:webteam@na-berlin.de\">E-Mail<\/a>.<\/p>\n<h2>German Speaking Region<\/h2>\n<p><a href=\"http:\/\/www.narcotics-anonymous.de\/\" target=\"_blank\" rel=\"noopener noreferrer\">German Speaking Region<\/a>, das sind die folgenden Gebiete:<\/p>\n<p><a href=\"http:\/\/www.na-ost.de\/\" target=\"_blank\" rel=\"noopener noreferrer\">Eastern Area<\/a> (Sachsen, Sachsen-Anhalt, Th\u00fcringen)<br \/>\n<a href=\"http:\/\/www.na-nord.de\/\" target=\"_blank\" rel=\"noopener noreferrer\">Northern Area <\/a>(Schleswig-Holstein, <a href=\"http:\/\/www.na-hamburg.de\/\" target=\"_blank\" rel=\"noopener noreferrer\">Hamburg<\/a>, Bremen, Niedersachsen)<br \/>\n<a href=\"http:\/\/www.na-west.de\/\" target=\"_blank\" rel=\"noopener noreferrer\">Western Area<\/a> (Nordrhein-Westfalen)<br \/>\n<a href=\"http:\/\/www.na-mitte.de\/\" target=\"_blank\" rel=\"noopener noreferrer\">Gebiet Mitte<\/a> (Hessen, Rheinland-Pfalz)<br \/>\n<a href=\"http:\/\/www.na-suedwest.de\/\" target=\"_blank\" rel=\"noopener noreferrer\">Gebiet <\/a>S\u00fcdwest (Baden-W\u00fcrttemberg, <a href=\"http:\/\/www.na-saarland.de\/\" target=\"_blank\" rel=\"noopener noreferrer\">Saarland<\/a>, Rheinland-Pfalz)<br \/>\n<a href=\"http:\/\/www.na-sued.de\/\" target=\"_blank\" rel=\"noopener noreferrer\">Gebiet S\u00fcd<\/a> (Stuttgart, Bayern)<br \/>\n<a href=\"http:\/\/www.na-sued.de\/\" target=\"_blank\" rel=\"noopener noreferrer\">Gebiet \u00d6sterreich<\/a><\/p>\n<h2>Europ\u00e4ische NA Seiten (in deutsch und verschiedenen europ\u00e4ischen Sprachen)<\/h2>\n<p>Das <a href=\"http:\/\/www.edmna.org\/de\/\" target=\"_blank\" rel=\"noopener noreferrer\">Europ\u00e4ische Delegierten Meeting<\/a> ist ein Forum, in dem die NA-Gemeinschaften der Europ\u00e4ischen Zone sich regelm\u00e4\u00dfig zusammenfinden, indem jede dieser NA-Gemeinschaften ihren gew\u00e4hlten Delegierten zu den Konferenzen entsendet.<\/p>\n<h2>Internationale NA Seiten (in Englisch)<\/h2>\n<p>Die <a href=\"http:\/\/www.na.org\/\" target=\"_blank\" rel=\"noopener noreferrer\">NA Welt Service<\/a> Seiten bieten ein F\u00fclle von unterschiedlichen Ressourcen in englischer Sprache. Neben Informationen f\u00fcr die interessierte \u00d6ffentlichkeit und Suchtfachleute, gibt es zum Beispiel Hinweise zur \u00d6ffentlichkeitsarbeit, Krankenh\u00e4user und Einrichtungen, Termine, eine weltweite Meetingsdatenbank, Links zu anderen internationalen NA Seiten. Es folgt eine Auswahl der angebotenen Dienste:<\/p>\n<p><a href=\"https:\/\/www.na.org\/meetingsearch\/\" target=\"_blank\" rel=\"noopener noreferrer\">Internationale Meetingsdatenbank<\/a><br \/>\n<a href=\"http:\/\/webdata.na.org\/events\/\" target=\"_blank\" rel=\"noopener noreferrer\">Internationale NA Conventions<\/a><\/p>\n<\/div><\/section><\/div>\n","protected":false},"excerpt":{"rendered":"","protected":false},"author":2,"featured_media":0,"parent":7860,"menu_order":0,"comment_status":"closed","ping_status":"closed","template":"","meta":{"footnotes":""},"class_list":["post-8007","page","type-page","status-publish","hentry"],"_links":{"self":[{"href":"https:\/\/na-dev.de\/berlin\/wp-json\/wp\/v2\/pages\/8007","targetHints":{"allow":["GET"]}}],"collection":[{"href":"https:\/\/na-dev.de\/berlin\/wp-json\/wp\/v2\/pages"}],"about":[{"href":"https:\/\/na-dev.de\/berlin\/wp-json\/wp\/v2\/types\/page"}],"author":[{"embeddable":true,"href":"https:\/\/na-dev.de\/berlin\/wp-json\/wp\/v2\/users\/2"}],"replies":[{"embeddable":true,"href":"https:\/\/na-dev.de\/berlin\/wp-json\/wp\/v2\/comments?post=8007"}],"version-history":[{"count":0,"href":"https:\/\/na-dev.de\/berlin\/wp-json\/wp\/v2\/pages\/8007\/revisions"}],"up":[{"embeddable":true,"href":"https:\/\/na-dev.de\/berlin\/wp-json\/wp\/v2\/pages\/7860"}],"wp:attachment":[{"href":"https:\/\/na-dev.de\/berlin\/wp-json\/wp\/v2\/media?parent=8007"}],"curies":[{"name":"wp","href":"https:\/\/api.w.org\/{rel}","templated":true}]}}