{"id":4957,"date":"2020-02-11T16:30:46","date_gmt":"2020-02-11T15:30:46","guid":{"rendered":"http:\/\/multisite.narcotics-anonymous.de\/sued\/?page_id=4957"},"modified":"2022-03-28T10:47:49","modified_gmt":"2022-03-28T08:47:49","slug":"newsletter-abonnieren","status":"publish","type":"page","link":"https:\/\/na-dev.de\/sued\/newsletter-abonnieren\/","title":{"rendered":"Newsletter abonnieren"},"content":{"rendered":"<div id='av_section_1'  class='avia-section av-301sg9-96b2a6dad8c1e69e3b23127c5a6dbf71 main_color avia-section-small avia-no-border-styling  avia-builder-el-0  el_before_av_section  avia-builder-el-first  avia-bg-style-scroll container_wrap fullsize'  ><div class='container av-section-cont-open' ><main  role=\"main\" itemprop=\"mainContentOfPage\"  class='template-page content  av-content-full alpha units'><div class='post-entry post-entry-type-page post-entry-4957'><div class='entry-content-wrapper clearfix'>\n\n<style type=\"text\/css\" data-created_by=\"avia_inline_auto\" id=\"style-css-av-k6i2a07d-f595764de62e3a57d54fc4d409ca6160\">\n#top .av-special-heading.av-k6i2a07d-f595764de62e3a57d54fc4d409ca6160{\nmargin:20px 0 0 0;\npadding-bottom:0;\ncolor:#718bbe;\nfont-size:46px;\n}\nbody .av-special-heading.av-k6i2a07d-f595764de62e3a57d54fc4d409ca6160 .av-special-heading-tag .heading-char{\nfont-size:25px;\n}\n#top #wrap_all .av-special-heading.av-k6i2a07d-f595764de62e3a57d54fc4d409ca6160 .av-special-heading-tag{\nfont-size:46px;\n}\n.av-special-heading.av-k6i2a07d-f595764de62e3a57d54fc4d409ca6160 .special-heading-inner-border{\nborder-color:#718bbe;\n}\n.av-special-heading.av-k6i2a07d-f595764de62e3a57d54fc4d409ca6160 .av-subheading{\nfont-size:20px;\n}\n\n@media only screen and (min-width: 480px) and (max-width: 767px){ \n#top #wrap_all .av-special-heading.av-k6i2a07d-f595764de62e3a57d54fc4d409ca6160 .av-special-heading-tag{\nfont-size:0.8em;\n}\n}\n\n@media only screen and (max-width: 479px){ \n#top #wrap_all .av-special-heading.av-k6i2a07d-f595764de62e3a57d54fc4d409ca6160 .av-special-heading-tag{\nfont-size:0.8em;\n}\n}\n<\/style>\n<div  class='av-special-heading av-k6i2a07d-f595764de62e3a57d54fc4d409ca6160 av-special-heading-h3 custom-color-heading blockquote modern-quote  avia-builder-el-1  el_before_av_hr  avia-builder-el-first  farbsek_1_h3_sep av-inherit-size'><h3 class='av-special-heading-tag '  itemprop=\"headline\"  >Narcotics Anonymous Newsletter <\/h3><div class='av_custom_color av-subheading av-subheading_below'><p>Newsletter abonnieren\/abmelden.<\/p>\n<\/div><div class=\"special-heading-border\"><div class=\"special-heading-inner-border\"><\/div><\/div><\/div>\n<div  class='hr av-2b9xyx-d15ffc47bec390e733bf30e75970e3bc hr-full  avia-builder-el-2  el_after_av_heading  avia-builder-el-last  farbsek_1_h3_sep hr-no-shadow'><span class='hr-inner '><span class=\"hr-inner-style\"><\/span><\/span><\/div>\n\n<\/div><\/div><\/main><!-- close content main element --><\/div><div class='av-extra-border-element border-extra-diagonal border-extra-diagonal-inverse '><div class='av-extra-border-outer'><div class='av-extra-border-inner'><\/div><\/div><\/div><\/div>\n<style type=\"text\/css\" data-created_by=\"avia_inline_auto\" id=\"style-css-av-2uv3rt-a12420491252b50b4c561c98273c8dcd\">\n.avia-section.av-2uv3rt-a12420491252b50b4c561c98273c8dcd{\nbackground-color:#ffffff;\nbackground-image:unset;\n}\n<\/style>\n<div id='av_section_2'  class='avia-section av-2uv3rt-a12420491252b50b4c561c98273c8dcd main_color avia-section-small avia-no-border-styling  avia-builder-el-3  el_after_av_section  el_before_av_section  avia-bg-style-scroll container_wrap fullsize'  ><div class='container av-section-cont-open' ><div class='template-page content  av-content-full alpha units'><div class='post-entry post-entry-type-page post-entry-4957'><div class='entry-content-wrapper clearfix'>\n<div class='flex_column_table av-cxdavd-4d3f063aed9c1416db6ad54e58e6fe58 sc-av_one_full av-equal-height-column-flextable'>\n<style type=\"text\/css\" data-created_by=\"avia_inline_auto\" id=\"style-css-av-cxdavd-4d3f063aed9c1416db6ad54e58e6fe58\">\n#top .flex_column_table.av-equal-height-column-flextable.av-cxdavd-4d3f063aed9c1416db6ad54e58e6fe58{\nmargin-top:0px;\nmargin-bottom:0px;\n}\n.flex_column.av-cxdavd-4d3f063aed9c1416db6ad54e58e6fe58{\nborder-width:3px;\nborder-color:#718bbe;\nborder-style:solid;\nborder-radius:0px 0px 0px 0px;\npadding:10px 10px 10px 10px;\nbackground-color:#ffffff;\n}\n<\/style>\n<div  class='flex_column av-cxdavd-4d3f063aed9c1416db6ad54e58e6fe58 av_one_full  avia-builder-el-4  avia-builder-el-no-sibling  first flex_column_table_cell av-equal-height-column av-align-top av-animated-generic left-to-right  '     ><style type=\"text\/css\" data-created_by=\"avia_inline_auto\" id=\"style-css-av-28n9pp-6b77ce76be8ea7355b03de5ffe6efc08\">\n#top .av-special-heading.av-28n9pp-6b77ce76be8ea7355b03de5ffe6efc08{\nmargin:0 0 0 0;\npadding-bottom:10px;\nfont-size:24px;\n}\nbody .av-special-heading.av-28n9pp-6b77ce76be8ea7355b03de5ffe6efc08 .av-special-heading-tag .heading-char{\nfont-size:25px;\n}\n#top #wrap_all .av-special-heading.av-28n9pp-6b77ce76be8ea7355b03de5ffe6efc08 .av-special-heading-tag{\nfont-size:24px;\n}\n.av-special-heading.av-28n9pp-6b77ce76be8ea7355b03de5ffe6efc08 .av-subheading{\nfont-size:15px;\n}\n\n@media only screen and (min-width: 768px) and (max-width: 989px){ \n#top #wrap_all .av-special-heading.av-28n9pp-6b77ce76be8ea7355b03de5ffe6efc08 .av-special-heading-tag{\nfont-size:28px;\n}\n.av-special-heading.av-28n9pp-6b77ce76be8ea7355b03de5ffe6efc08 .av-subheading{\nfont-size:20px;\n}\n}\n\n@media only screen and (min-width: 480px) and (max-width: 767px){ \n#top #wrap_all .av-special-heading.av-28n9pp-6b77ce76be8ea7355b03de5ffe6efc08 .av-special-heading-tag{\nfont-size:24px;\n}\n.av-special-heading.av-28n9pp-6b77ce76be8ea7355b03de5ffe6efc08 .av-subheading{\nfont-size:16px;\n}\n}\n\n@media only screen and (max-width: 479px){ \n#top #wrap_all .av-special-heading.av-28n9pp-6b77ce76be8ea7355b03de5ffe6efc08 .av-special-heading-tag{\nfont-size:20px;\n}\n.av-special-heading.av-28n9pp-6b77ce76be8ea7355b03de5ffe6efc08 .av-subheading{\nfont-size:12px;\n}\n}\n<\/style>\n<div  id=\"headline_second_level\"  class='av-special-heading av-28n9pp-6b77ce76be8ea7355b03de5ffe6efc08 av-special-heading-h3 blockquote modern-quote modern-centered  avia-builder-el-5  avia-builder-el-no-sibling  av-inherit-size av-linked-heading'><h3 class='av-special-heading-tag '  itemprop=\"headline\"  ><a class=\"av-heading-link\" href=\"https:\/\/na-dev.de\/sued\/artikel\/service-komitees\/\" >Erhalte unseren Newsletter<\/a><\/h3><div class=\"special-heading-border\"><div class=\"special-heading-inner-border\"><\/div><\/div><\/div><\/div><\/div><!--close column table wrapper. Autoclose: 1 -->\n\n<\/div><\/div><\/div><!-- close content main div --><\/div><\/div>\n<style type=\"text\/css\" data-created_by=\"avia_inline_auto\" id=\"style-css-av-2uv3rt-a12420491252b50b4c561c98273c8dcd\">\n.avia-section.av-2uv3rt-a12420491252b50b4c561c98273c8dcd{\nbackground-color:#ffffff;\nbackground-image:unset;\n}\n<\/style>\n<div id='av_section_3'  class='avia-section av-2uv3rt-a12420491252b50b4c561c98273c8dcd main_color avia-section-small avia-no-border-styling  avia-builder-el-6  el_after_av_section  avia-builder-el-last  avia-bg-style-scroll container_wrap fullsize'  ><div class='container av-section-cont-open' ><div class='template-page content  av-content-full alpha units'><div class='post-entry post-entry-type-page post-entry-4957'><div class='entry-content-wrapper clearfix'>\n<div class='flex_column_table av-cxdavd-4d3f063aed9c1416db6ad54e58e6fe58 sc-av_one_half av-equal-height-column-flextable'>\n<style type=\"text\/css\" data-created_by=\"avia_inline_auto\" id=\"style-css-av-cxdavd-4d3f063aed9c1416db6ad54e58e6fe58\">\n#top .flex_column_table.av-equal-height-column-flextable.av-cxdavd-4d3f063aed9c1416db6ad54e58e6fe58{\nmargin-top:0px;\nmargin-bottom:0px;\n}\n.flex_column.av-cxdavd-4d3f063aed9c1416db6ad54e58e6fe58{\nborder-width:3px;\nborder-color:#718bbe;\nborder-style:solid;\nborder-radius:0px 0px 0px 0px;\npadding:10px 10px 10px 10px;\nbackground-color:#ffffff;\n}\n<\/style>\n<div  class='flex_column av-cxdavd-4d3f063aed9c1416db6ad54e58e6fe58 av_one_half  avia-builder-el-7  el_before_av_one_half  avia-builder-el-first  first flex_column_table_cell av-equal-height-column av-align-top av-animated-generic left-to-right  '     ><section  class='av_textblock_section av-k6i1ouvg-cc464e728e378fd44b21661dc6e765be '   itemscope=\"itemscope\" itemtype=\"https:\/\/schema.org\/CreativeWork\" ><div class='avia_textblock'  itemprop=\"text\" ><p>Hier kannst Du den Newsletter abonnieren. Typischerweise gibt es zwischen 1 und 3 Emails pro Monat. Du erh\u00e4ltst dann regelm\u00e4\u00dfig neueste Informationen zu Narcotics Anonymous.<\/p>\n<\/div><\/section><\/div><div class='av-flex-placeholder'><\/div>\n<style type=\"text\/css\" data-created_by=\"avia_inline_auto\" id=\"style-css-av-cxdavd-1f5d4432ab12c7f10aacc06647b7c6a1\">\n#top .flex_column_table.av-equal-height-column-flextable.av-cxdavd-1f5d4432ab12c7f10aacc06647b7c6a1{\nmargin-top:0px;\nmargin-bottom:0px;\n}\n.flex_column.av-cxdavd-1f5d4432ab12c7f10aacc06647b7c6a1{\nborder-width:3px;\nborder-color:#718bbe;\nborder-style:solid;\nborder-radius:0px 0px 0px 0px;\npadding:10px 10px 10px 10px;\nbackground-color:#ffffff;\n}\n<\/style>\n<div  class='flex_column av-cxdavd-1f5d4432ab12c7f10aacc06647b7c6a1 av_one_half  avia-builder-el-9  el_after_av_one_half  avia-builder-el-last  flex_column_table_cell av-equal-height-column av-align-top av-animated-generic left-to-right  '     ><section  class='av_textblock_section av-kjmsivu7-bd08910b9ce888fd78fd20fc6494df3b '   itemscope=\"itemscope\" itemtype=\"https:\/\/schema.org\/CreativeWork\" ><div class='avia_textblock'  itemprop=\"text\" ><h4>Anmeldung bei GSK Info Newsletter<\/h4>\n<script src=\"https:\/\/narcotics-anonymous.de\/swmn\/captcha\/captcha\/captcha.php\"><\/script>\n<form method=\"post\" action=\"https:\/\/narcotics-anonymous.de\/swmn\/nl.php\">\n<input type=\"hidden\" name=\"MailingListId\" value=\"24\" \/>\n<input type=\"hidden\" name=\"FormId\" value=\"1\" \/>\n<input type=\"hidden\" name=\"FormEncoding\" value=\"iso-8859-1\" \/>\n<input type=\"hidden\" name=\"Action\" value=\"subscribe\" \/>\n<br \/>\n<table cellspacing=\"0\" cellpadding=\"0\" border=\"0\" id=\"swm_anmeldung_table\">\n<tbody>\n<tr>\n<td style=\"border:0px;\">\n<label for=\"u_EMail\">\nE-Mail-Adresse<\/label>\n&nbsp;* <\/td>\n<td style=\"border:0px;\">\n<input type=\"text\" name=\"u_EMail\" size=\"50\" maxlength=\"255\" id=\"u_EMail\" \/>\n<\/td>\n<\/tr>\n\t<tr>\n<td style=\"vertical-align:top; border:0px;\">\nGeben Sie die Zeichenkette, wie im nachfolgenden Feld angezeigt, ein (Spam-Schutz)*\n<\/td>\n<td style=\"border:0px;\">\n\n<input type=\"text\" name=\"user_captcha_string\" \/>\n<img decoding=\"async\" src=\"https:\/\/narcotics-anonymous.de\/swmn\/captcha\/captcha\/image.php\" id=\"captcha_internal\" alt=\"Captcha\" \/>\n<a href=\"javascript:refreshCaptcha();\" title=\"Captcha nicht lesbar?\" style=\"text-decoration: none;font-weight: bolder;font-size: 1.2em;\">\n&#10227;<\/a>\n\n<\/td>\n<\/tr>\n<tr>\n<td style=\"border:0px;\" colspan=\"2\" >\n<span>\n<br \/>\nMit Angabe meiner Daten und Absenden der Anmeldung erkl&auml;re ich mich einverstanden, den hier bestellten Newsletter per E-Mail zu erhalten. Meine Daten werden nicht an Dritte weitergegeben. Dieses Einverst&auml;ndnis kann ich jederzeit widerrufen. Weitere ausf&uuml;hrliche Informationen in der\n<a href=\"https:\/\/narcotics-anonymous.de\/datenschutzerklaerung\/\" target=\"_blank\" rel=\"noopener\">\nDatenschutzerkl&auml;rung<\/a>\n<br \/>\n<input type=\"checkbox\" name=\"PrivacyPolicyAccepted\" id=\"PrivacyPolicyAccepted\" value=\"1\" \/>\n<label for=\"PrivacyPolicyAccepted\">\n&nbsp;Ich akzeptiere die <a href=\"https:\/\/narcotics-anonymous.de\/datenschutzerklaerung\/\" target=\"_blank\" rel=\"noopener\">\nDatenschutzerkl&auml;rung.<\/a>\n&nbsp;*<\/label>\n<br \/>\n<\/span>\n<\/td>\n<\/tr>\n<tr>\n<td style=\"border:0px;\" colspan=\"2\" >\n<input type=\"submit\" value=\"Absenden\" \/>\n<\/td>\n<\/tr>\n<tr>\n<td colspan=\"2\">\n&nbsp;\n<\/td>\n<\/tr>\n<tr>\n<td style=\"border:0px;\" colspan=\"2\">\nAngaben mit * sind Pflichtangaben. <\/td>\n<\/tr>\n<\/tbody>\n<\/table>\n<\/form>\n\n<\/div><\/section><\/div><\/div><!--close column table wrapper. Autoclose: 1 -->\n","protected":false},"excerpt":{"rendered":"","protected":false},"author":4,"featured_media":0,"parent":0,"menu_order":0,"comment_status":"closed","ping_status":"closed","template":"","meta":{"footnotes":""},"class_list":["post-4957","page","type-page","status-publish","hentry"],"_links":{"self":[{"href":"https:\/\/na-dev.de\/sued\/wp-json\/wp\/v2\/pages\/4957","targetHints":{"allow":["GET"]}}],"collection":[{"href":"https:\/\/na-dev.de\/sued\/wp-json\/wp\/v2\/pages"}],"about":[{"href":"https:\/\/na-dev.de\/sued\/wp-json\/wp\/v2\/types\/page"}],"author":[{"embeddable":true,"href":"https:\/\/na-dev.de\/sued\/wp-json\/wp\/v2\/users\/4"}],"replies":[{"embeddable":true,"href":"https:\/\/na-dev.de\/sued\/wp-json\/wp\/v2\/comments?post=4957"}],"version-history":[{"count":0,"href":"https:\/\/na-dev.de\/sued\/wp-json\/wp\/v2\/pages\/4957\/revisions"}],"wp:attachment":[{"href":"https:\/\/na-dev.de\/sued\/wp-json\/wp\/v2\/media?parent=4957"}],"curies":[{"name":"wp","href":"https:\/\/api.w.org\/{rel}","templated":true}]}}