{"id":6658,"date":"2022-02-18T14:39:51","date_gmt":"2022-02-18T13:39:51","guid":{"rendered":"https:\/\/narcotics-anonymous.de\/sued\/?page_id=6658"},"modified":"2025-10-29T09:20:28","modified_gmt":"2025-10-29T08:20:28","slug":"kontakt","status":"publish","type":"page","link":"https:\/\/na-dev.de\/sued\/kontakt\/","title":{"rendered":"Kontakt"},"content":{"rendered":"<div id='av_section_1'  class='avia-section av-gci6-00e23e2c54a4913cfa6636e120536389 main_color avia-section-default avia-no-border-styling  avia-builder-el-0  avia-builder-el-no-sibling  avia-bg-style-scroll container_wrap fullsize'  ><div class='container av-section-cont-open' ><main  role=\"main\" itemprop=\"mainContentOfPage\"  class='template-page content  av-content-full alpha units'><div class='post-entry post-entry-type-page post-entry-6658'><div class='entry-content-wrapper clearfix'>\n<div class='flex_column_table av-kiyw6vru-55fccc3bd4b174b52ee6e730a58c9796 sc-av_one_half av-equal-height-column-flextable'>\n<style type=\"text\/css\" data-created_by=\"avia_inline_auto\" id=\"style-css-av-kiyw6vru-55fccc3bd4b174b52ee6e730a58c9796\">\n#top .flex_column_table.av-equal-height-column-flextable.av-kiyw6vru-55fccc3bd4b174b52ee6e730a58c9796{\nmargin-top:0px;\nmargin-bottom:10px;\n}\n.flex_column.av-kiyw6vru-55fccc3bd4b174b52ee6e730a58c9796{\nborder-width:5px;\nborder-color:#294272;\nborder-style:solid;\nborder-radius:0px 0px 0px 0px;\npadding:20px 20px 20px 20px;\n}\n<\/style>\n<div  class='flex_column av-kiyw6vru-55fccc3bd4b174b52ee6e730a58c9796 av_one_half  avia-builder-el-1  el_before_av_one_half  avia-builder-el-first  first flex_column_table_cell av-equal-height-column av-align-top  '     ><form action=\"https:\/\/na-dev.de\/sued\/kontakt\/\" method=\"post\" data-fields-with-error=\"Fehler wurden in folgenden Feld(ern) gefunden:\" class=\"avia_ajax_form av-form-labels-hidden   avia-builder-el-2  avia-builder-el-no-sibling   \" data-avia-form-id=\"1\" data-avia-redirect='' ><h3 class=''>Wenn Sie Fragen haben, k\u00f6nnen Sie uns gerne eine Email schreiben. Wir werden sie so schnell wie m\u00f6glich beantworten.<\/h3><fieldset><p class='  first_form  form_element form_fullwidth' id='element_avia_1_1'><label for=\"avia_1_1\">Name <abbr class=\"required\" title=\"ben\u00f6tigt\">*<\/abbr><\/label> <input name=\"avia_1_1\" class=\"text_input is_empty\" type=\"text\" id=\"avia_1_1\" value=\"\"  placeholder='Name*'\/><\/p><p class='  first_form  form_element form_fullwidth' id='element_avia_2_1'><label for=\"avia_2_1\">E-Mail <abbr class=\"required\" title=\"ben\u00f6tigt\">*<\/abbr><\/label> <input name=\"avia_2_1\" class=\"text_input is_email\" type=\"text\" id=\"avia_2_1\" value=\"\"  placeholder='E-Mail*'\/><\/p><p class='  first_form  form_element form_fullwidth' id='element_avia_3_1'><label for=\"avia_3_1\">Betreff <abbr class=\"required\" title=\"ben\u00f6tigt\">*<\/abbr><\/label> <input name=\"avia_3_1\" class=\"text_input is_empty\" type=\"text\" id=\"avia_3_1\" value=\"\"  placeholder='Betreff*'\/><\/p><p class='  first_form  form_element form_fullwidth' id='element_avia_4_1'><label for=\"avia_4_1\" class=\"textare_label hidden textare_label_avia_4_1\">Nachricht <abbr class=\"required\" title=\"ben\u00f6tigt\">*<\/abbr><\/label><textarea  placeholder='Nachricht*' name=\"avia_4_1\" class=\"text_area is_empty\" cols=\"40\" rows=\"7\" id=\"avia_4_1\" ><\/textarea><\/p><p class=\"hidden\"><input type=\"text\" name=\"avia_5_1\" class=\"hidden \" id=\"avia_5_1\" value=\"\" \/><\/p><p class='   form_element form_fullwidth' id='element_avia_6_1'><span class='value_verifier_label'>0 + 3 = ?<\/span><input name=\"avia_6_1_verifier\" type=\"hidden\" id=\"avia_6_1_verifier\" value=\"164336854\"\/><label for=\"avia_6_1\">Bitte l\u00f6se die Gleichung. Diese Ma\u00dfnahme dient der Abwehr von Spam <abbr class=\"required\" title=\"ben\u00f6tigt\">*<\/abbr><\/label><input name=\"avia_6_1\" class=\"text_input captcha\" type=\"text\" id=\"avia_6_1\" value=\"\"\/><\/p><p class=\"form_element \"><input type=\"hidden\" value=\"1\" name=\"avia_generated_form1\" \/><input type=\"submit\" value=\"Senden\" class=\"button\"  data-sending-label=\"Sende\"\/><\/p><\/fieldset><\/form><div id=\"ajaxresponse_1\" class=\"ajaxresponse ajaxresponse_1 hidden\"><\/div><\/div><div class='av-flex-placeholder'><\/div>\n<style type=\"text\/css\" data-created_by=\"avia_inline_auto\" id=\"style-css-av-kiyw6vru-1-aaaa6c659330ab909e20b8047e20aed6\">\n#top .flex_column_table.av-equal-height-column-flextable.av-kiyw6vru-1-aaaa6c659330ab909e20b8047e20aed6{\nmargin-top:0px;\nmargin-bottom:10px;\n}\n.flex_column.av-kiyw6vru-1-aaaa6c659330ab909e20b8047e20aed6{\nborder-width:5px;\nborder-color:#294272;\nborder-style:solid;\nborder-radius:0px 0px 0px 0px;\npadding:20px 20px 20px 20px;\n}\n<\/style>\n<div  class='flex_column av-kiyw6vru-1-aaaa6c659330ab909e20b8047e20aed6 av_one_half  avia-builder-el-3  el_after_av_one_half  avia-builder-el-last  flex_column_table_cell av-equal-height-column av-align-top  '     ><section  class='av_textblock_section av-kkgrsmfj-5679366927c5a2108138bc47a1fcc34e '   itemscope=\"itemscope\" itemtype=\"https:\/\/schema.org\/CreativeWork\" ><div class='avia_textblock'  itemprop=\"text\" ><div class=\"formElement\">\n<p><strong>Kontaktm\u00f6glichkeiten:<\/strong><\/p>\n<p><a href=\"mailto:info@na-sued.de\">info@na-sued.de<\/a>\u00a0 &#8211; f\u00fcr alle Anfragen bez\u00fcglich K+E, \u00d6A und Terminen<\/p>\n<p><a href=\"mailto:meetingsliste@na-sued.de\">redaktion@na-sued.de<\/a> &#8211; f\u00fcr alle \u00c4nderungen an der Meetingsliste S\u00fcd<\/p>\n<p><strong>Allgemeine Informationen<\/strong><\/p>\n<p>Narcotics Anonymous Gebietskomitee S\u00fcd e.V.<\/p>\n<p>Peter Harwalik<br \/>\nMargarete-Gut\u00f6hrlein-Str. 13<br \/>\n74632 Waldenburg<\/p>\n<p><strong>Den Vereinsvorsitz vertritt:<\/strong><\/p>\n<p>Peter Harwalik<\/p>\n<p><strong>Registergericht \/ Registernummer:<\/strong><\/p>\n<p>Narcotics Anonymous Gebietskomitee S\u00fcd e.V. ist im Vereinsregister des Amtsgerichts M\u00fcnchen unter der Nr.: VR 15707 eingetragen.<br \/>\nNarcotics Anonymous Gebietskomitee S\u00fcd e.V. ist vom Finanzamt Kaufbeuren mit Au\u00dfenstelle F\u00fcssen, Postfach 1260, 87572 Kaufbeuren als gemeinn\u00fctzig anerkannt.<\/p>\n<p><strong>Bankverbindung:<\/strong><\/p>\n<p>NAGKS e.V.<br \/>\nDeutsche Skatbank<br \/>\nIban: DE85\u00a08306 5408 0005 3437 98<br \/>\nBIC: GENODEF1SLR<\/p>\n<p><strong>Weitere Informationen<\/strong><\/p>\n<p>Gerichtsstand: Amtsgericht M\u00fcnchen<\/p>\n<\/div>\n<\/div><\/section><\/div><\/div><!--close column table wrapper. Autoclose: 1 -->\n","protected":false},"excerpt":{"rendered":"","protected":false},"author":1,"featured_media":0,"parent":0,"menu_order":0,"comment_status":"closed","ping_status":"closed","template":"","meta":{"footnotes":""},"class_list":["post-6658","page","type-page","status-publish","hentry"],"_links":{"self":[{"href":"https:\/\/na-dev.de\/sued\/wp-json\/wp\/v2\/pages\/6658","targetHints":{"allow":["GET"]}}],"collection":[{"href":"https:\/\/na-dev.de\/sued\/wp-json\/wp\/v2\/pages"}],"about":[{"href":"https:\/\/na-dev.de\/sued\/wp-json\/wp\/v2\/types\/page"}],"author":[{"embeddable":true,"href":"https:\/\/na-dev.de\/sued\/wp-json\/wp\/v2\/users\/1"}],"replies":[{"embeddable":true,"href":"https:\/\/na-dev.de\/sued\/wp-json\/wp\/v2\/comments?post=6658"}],"version-history":[{"count":0,"href":"https:\/\/na-dev.de\/sued\/wp-json\/wp\/v2\/pages\/6658\/revisions"}],"wp:attachment":[{"href":"https:\/\/na-dev.de\/sued\/wp-json\/wp\/v2\/media?parent=6658"}],"curies":[{"name":"wp","href":"https:\/\/api.w.org\/{rel}","templated":true}]}}